{"version":"1.0","provider_name":"Ramat de Camins. La ruta de los 70 pueblos pirinaicos","provider_url":"https:\/\/www.ramatdecamins.cat\/es\/","author_name":"Ramat de Camins","author_url":"https:\/\/www.ramatdecamins.cat\/es\/author\/moon\/","title":"La historia - Ramat de Camins. La ruta de los 70 pueblos pirinaicos","type":"rich","width":600,"height":338,"html":"<blockquote class=\"wp-embedded-content\" data-secret=\"NC5U0rUdA7\"><a href=\"https:\/\/www.ramatdecamins.cat\/es\/la-ruta\/historia\/\">La historia<\/a><\/blockquote><iframe sandbox=\"allow-scripts\" security=\"restricted\" src=\"https:\/\/www.ramatdecamins.cat\/es\/la-ruta\/historia\/embed\/#?secret=NC5U0rUdA7\" width=\"600\" height=\"338\" title=\"\u00abLa historia\u00bb \u2014 Ramat de Camins. La ruta de los 70 pueblos pirinaicos\" data-secret=\"NC5U0rUdA7\" frameborder=\"0\" marginwidth=\"0\" marginheight=\"0\" scrolling=\"no\" class=\"wp-embedded-content\"><\/iframe><script type=\"text\/javascript\">\n\/* <![CDATA[ *\/\n\/*! This file is auto-generated *\/\n!function(d,l){\"use strict\";l.querySelector&&d.addEventListener&&\"undefined\"!=typeof URL&&(d.wp=d.wp||{},d.wp.receiveEmbedMessage||(d.wp.receiveEmbedMessage=function(e){var t=e.data;if((t||t.secret||t.message||t.value)&&!\/[^a-zA-Z0-9]\/.test(t.secret)){for(var s,r,n,a=l.querySelectorAll('iframe[data-secret=\"'+t.secret+'\"]'),o=l.querySelectorAll('blockquote[data-secret=\"'+t.secret+'\"]'),c=new RegExp(\"^https?:$\",\"i\"),i=0;i<o.length;i++)o[i].style.display=\"none\";for(i=0;i<a.length;i++)s=a[i],e.source===s.contentWindow&&(s.removeAttribute(\"style\"),\"height\"===t.message?(1e3<(r=parseInt(t.value,10))?r=1e3:~~r<200&&(r=200),s.height=r):\"link\"===t.message&&(r=new URL(s.getAttribute(\"src\")),n=new URL(t.value),c.test(n.protocol))&&n.host===r.host&&l.activeElement===s&&(d.top.location.href=t.value))}},d.addEventListener(\"message\",d.wp.receiveEmbedMessage,!1),l.addEventListener(\"DOMContentLoaded\",function(){for(var e,t,s=l.querySelectorAll(\"iframe.wp-embedded-content\"),r=0;r<s.length;r++)(t=(e=s[r]).getAttribute(\"data-secret\"))||(t=Math.random().toString(36).substring(2,12),e.src+=\"#?secret=\"+t,e.setAttribute(\"data-secret\",t)),e.contentWindow.postMessage({message:\"ready\",secret:t},\"*\")},!1)))}(window,document);\n\/\/# sourceURL=https:\/\/www.ramatdecamins.cat\/wp-includes\/js\/wp-embed.min.js\n\/* ]]> *\/\n<\/script>\n","description":"La historia del trekking Ramat de Camins empieza en 2006 cuando una empresa de dinamizaci\u00f3n local de la comarca pirenaica del Pallars Sobir\u00e0 (Montanyanes) decide celebrar el cincuentenario del viaje que en agosto de 1956 hicieron los escritores y caminantes Camilo Jos\u00e9 Cela y Josep Maria Espin\u00e0s por el Pallars Juss\u00e0, Pallars Sobir\u00e0, Val d'Aran y Alta Ribagor\u00e7a...","thumbnail_url":"http:\/\/www.ramatdecamins.cat\/wp-content\/uploads\/2015\/10\/foto-espinas-nou-tamany.png"}

La historia del trekking Ramat de Camins empieza en 2006 cuando una empresa de dinamización local de la comarca pirenaica del Pallars Sobirà (Montanyanes) decide celebrar el cincuentenario del viaje que en agosto de 1956 hicieron los escritores y caminantes Camilo José Cela y Josep Maria Espinàs por el Pallars Jussà, Pallars Sobirà, Val d'Aran y Alta Ribagorça...
